 is the greatest common divisor of j and 28?
4
Let s = 0 + -3. Let o be 1/(s/162*-3). Calculate the greatest common divisor of o and 45.
9
Suppose 0 = -5*y - w - 27, 4*w - 39 = 4*y - w. Let p = y - -11. Suppose -227 = -p*t + 93. What is the greatest common factor of 8 and t?
8
Suppose -5*q - n = -53, 4*n = -q + 5 + 17. Calculate the greatest common factor of 310 and q.
10
Let n = -29 - -57. What is the greatest common factor of n and 7?
7
Suppose 2*g - 14 = -2*m, 3*g - 24 + 35 = 5*m. Let r = 14 + -8. Calculate the greatest common factor of r and g.
3
Suppose 5*m - 59 = -2*f, 2*f - 3*f = -3*m + 31. Suppose 0 = -y - 6 + m. Suppose -y*b + 42 = -4*b. What is the highest common divisor of b and 14?
14
Let b be (-50)/(-6) + (-2)/(-3). Suppose 30*f - 18 = 27*f. What is the greatest common divisor of f and b?
3
Let h(o) = 3*o**3 - o**2 - o + 2. Let c = -2 - -4. Let t be h(c). Calculate the highest common factor of t and 50.
10
Suppose 3*n + 9 = -3*c + 264, -25 = 5*c. What is the highest common factor of n and 10?
10
Suppose -m = 9 - 3. Let l(u) = -2*u + 4*u - 5 - 4*u. Let f be l(m). Calculate the highest common factor of f and 21.
7
Let o(r) = -6*r**2 + 7*r**2 - 2 + r - 6. Let w be o(-8). What is the greatest common factor of 12 and w?
12
Suppose 3*p = -3*n + 21, 3*n - 16*p + 12*p + 14 = 0. What is the greatest common divisor of 34 and n?
2
Let j = 4 - 0. Suppose 3*n = -3*d + 3, 3*d - 11 = 3*n + j. Let o be -1 + 1 + 1 - 0. What is the highest common factor of o and d?
1
Suppose 98 = -0*m + m + 3*h, 3*m - 4*h = 346. What is the highest common factor of m and 10?
10
Suppose l - 14 = -4*b, 0*b - 2*b + 18 = l. Suppose s = 18 + l. Calculate the highest common divisor of 8 and s.
8
Suppose -2*k = 3*k - 40. What is the greatest common divisor of k and 16?
8
Let k(t) = -t**2 + 6*t + 6. Let y be (2/(-4))/(1/(-10)). Let o be k(y). Suppose 3*z = 8*z - 220. What is the greatest common divisor of z and o?
11
Let l be 2/(-4) + 381/6. Let u = 203 - 194. Calculate the greatest common divisor of u and l.
9
Suppose -18 = -4*u - 2*k, k - 5 = -4*k. Let p(x) = -x**2 + 11*x + 8. Let y be p(7). Calculate the highest common divisor of u and y.
4
Suppose -163 = -5*m - l, 0*l + 116 = 4*m - 4*l. What is the greatest common divisor of 80 and m?
16
Suppose 8*s = -9 + 17. Calculate the greatest common divisor of s and 16.
1
Let k be (2 + 0 - 1)*85. Suppose -2*o = -5*o + 30. Let d be 344/10 + (-4)/o. Calculate the greatest common factor of k and d.
17
Let v(x) = -2 + 1 + 13*x - 2. Let h be v(3). Let m = -14 + 20. What is the highest common factor of m and h?
6
Suppose 0 = 2*d + 1 - 9. Suppose d*o - 36 = o. Let t(z) = 27*z**2 + z + 2. Let w be t(-2). What is the greatest common factor of o and w?
12
Let q be ((-8)/(0 + 1))/(-2). Let v be 1032/(-27) - q/(-18). Let n be (0 - 3)/(2/v). Calculate the greatest common divisor of n and 38.
19
Let h(x) = -10*x. Let i(s) = -s**2 - 7*s - 4. Let b be i(-7). Let v be h(b). Suppose -u + 0 + 10 = 0. Calculate the highest common divisor of u and v.
10
Suppose 4*h - h = 72. Let r be (-363)/(-5) + h/(-40). Let i = 4 + 4. What is the greatest common factor of i and r?
8
Let j(q) = -q**3 - 9*q**2 + 11. Let o be j(-9). Let b = o + -7. Calculate the highest common factor of b and 4.
4
Suppose 0 = -z - 1, -117 = -u - 4*z - 0*z. What is the greatest common divisor of 11 and u?
11
Suppose -n + 3*n = -16. Let j = n - -25. Suppose 3*m - j = -b, 11 = 2*m - 0*b + b. Calculate the highest common divisor of 6 and m.
6
Let f be ((-4)/6)/((-3)/108). What is the greatest common divisor of f and 12?
12
Suppose -17*y + 20 = 3*y. Calculate the greatest common factor of 9 and y.
1
Let n(u) = 2*u + 13. Let q be n(0). Calculate the greatest common factor of 143 and q.
13
Let u(q) = q**2 + 4*q + 7. Let i be u(-5). Let o(f) = -f**2 + 12*f - 3. Let z be 10 - (0 + 1/1). Let b be o(z). Calculate the highest common divisor of i and b.
12
Let l be 41 + (-3 + 9 - 5). Calculate the highest common divisor of 21 and l.
21
Suppose 0 = t + 2*t + 69. Let b = t + 40. What is the highest common divisor of b and 51?
17
Let c(q) = 13*q + 5. Let j be c(-5). Let t = 90 + j. Let w be 1/(-3) + (-31)/(-3). Calculate the highest common divisor of w and t.
10
Let h(p) = p - 6. Let m be h(9). What is the highest common factor of 21 and m?
3
Let z be (-1)/(-3) - (-50)/(-6). Let u(t) = -4*t - 1. Let m be u(5). Let x = z - m. What is the highest common factor of 52 and x?
13
Let l = -6 + 24. Let r(o) = 17*o**2 + 2*o - 1. Let j be r(1). Suppose j - 78 = -5*g. What is the highest common factor of g and l?
6
Suppose -63 = 2*b + b. Let v be ((-98)/b)/((-2)/3). Let j be (-4)/2 - 0 - v. Calculate the highest common factor of 2 and j.
1
Let u be -16*2/((-32)/(-20))*-2. What is the highest common factor of u and 5?
5
Let k(z) = z**3 - 2*z**2 - 2*z - 2. Let q be k(3). Let g(r) = 4 - 1 - 5 - r + q + 2*r**2. Let i be g(2). Calculate the highest common factor of 25 and i.
5
Let j(s) = 4*s + 4. Let p(t) = -t - 1. Let v(u) = -j(u) - 5*p(u). Let l be v(7). Suppose -b = -l + 2. What is the highest common factor of 9 and b?
3
Let x = 3 + -1. Suppose -r = -n - n - 152, -x*r - n = -309. Suppose 0 = h + 3*g - 7*g + 6, 3*g - 15 = 0. What is the greatest common factor of h and r?
14
Let w(y) = 2*y**2 - 5*y - 3. Let t be w(-3). Let d(i) be the first derivative of -5*i**2/2 + 2. Let b be d(-4). Calculate the highest common factor of t and b.
10
Let b(q) = 3*q - 27. Let r be b(11). Suppose 2*u = -5*y + 326, -7*u + 3*u = -3*y + 206. Calculate the greatest common divisor of r and y.
6
Suppose 0 = 4*r - 27*r + 69. Suppose 4 - 22 = 3*k. Let x = 12 + k. What is the highest common divisor of r and x?
3
Let t(g) = -3*g - 3 + 2 + 5*g. Let p be t(4). Let w(q) = -q**3 + 8*q**2 - 7*q + 7. Let s be w(p). What is the greatest common divisor of s and 14?
7
Suppose -49*l + 54*l = 225. What is the greatest common factor of l and 360?
45
Let g be 241 + (1 - (5 - 3)). Calculate the greatest common divisor of g and 96.
48
Let w = 5 - 1. Suppose 0 = -3*m + w + 8. Suppose -y + 4 + m = 3*z, -y - 16 = -5*z. Calculate the highest common factor of z and 6.
3
Let w be (5 - 0)*168/(-20). Let c be w/(-7)*(-11)/(-2). Calculate the highest common factor of c and 22.
11
Let t = 87 - 41. Calculate the greatest common factor of 69 and t.
23
Let u be (-1 - -59)/(0 - -1). Suppose 97 = -s + 4*s + 4*i, -2*s - i = -u. Let n be -2 - (-1 - 6 - -2). What is the greatest common factor of s and n?
3
Let y be -1*25 - 2 - -1. Let o be (0 + 27/(-6))*y. Let p = -3 + 16. What is the greatest common factor of p and o?
13
Let i = 24 + -12. Suppose -3*v + i = 0, 0*a - 4*v = -4*a + 468. Calculate the highest common factor of a and 11.
11
Suppose 61 = 5*r - 5*m - 29, 16 = 4*m. Suppose 4*u + 0*u = -j + 12, 4*j = -3*u + r. Calculate the greatest common factor of 3 and u.
1
Suppose 4*l = 17 + 19. Calculate the greatest common factor of 99 and l.
9
Suppose 0 = -f + 4*j + 62, f - 5*j = -4*f + 280. What is the greatest common divisor of f and 18?
18
Let z(a) = -6*a + 5. Let d(w) = w - 6 + 4 + 1. Let p(k) = -4*d(k) - z(k). Let l be p(5). What is the greatest common factor of 9 and l?
9
Suppose -5*o + 15 + 69 = 3*u, 3*o - 30 = 5*u. Suppose 0 = 5*f - 115 - o. Calculate the highest common divisor of 13 and f.
13
Let w(z) = z**2 + 6*z - 2. Let b be w(-8). Calculate the highest common divisor of 70 and b.
14
Let v(s) = s**3 - 5*s - 2. Let f be v(-5). Let x = -69 - f. Let w(g) = 23*g**2 + 2*g + 1. Let z be w(-1). Calculate the greatest common divisor of x and z.
11
Suppose 5*r - 17 = 8. Suppose 3*c - 197 = -2*c + b, 2*c = r*b + 65. Calculate the highest common divisor of c and 20.
20
Let z = -11 - -16. Suppose 0 = 5*n + 4*b + 15 - 73, 0 = -z*b + 10. Calculate the highest common factor of 5 and n.
5
Let x(m) = 27*m - 11. Let g be x(9). Suppose -4*f + 2 + 257 = 5*s, 4*s - 3*f - g = 0. What is the highest common factor of 5 and s?
5
Suppose -5*b = -6*b + 22. Suppose 394 = 2*x + u - 3*u, 5*x - 987 = 3*u. What is the greatest common divisor of x and b?
22
Let j(r) be the first derivative of 5*r**2 - 2. Let h be j(1). Calculate the highest common divisor of h and 80.
10
Suppose -i - 3*i + 12 = 0. Suppose 5*u + 3 + 7 = 0. Let z be (2/3*-9)/u. What is the greatest common divisor of i and z?
